3. What are the prime factors of f(4)?
31
Suppose 4*n - 42 = h - 0*h, 4*h = 4*n - 48. Let q be n/4*(-2 - -4). Suppose -5*w + 5*p + 35 = 0, w = -2*w + q*p + 17. What are the prime factors of w?
3
Let p be ((-20)/(-6))/(2/3). Suppose -p*n = -0*n - 235. List the prime factors of n.
47
Let y(s) = -s**3 - 10*s**2 - s + 11. Let q = -26 + 16. List the prime factors of y(q).
3, 7
Let c be 8/(-4)*1*-1. Let a = c + 8. List the prime factors of a.
2, 5
Let q(f) = -23*f + 1. What are the prime factors of q(-1)?
2, 3
Suppose -7*z + 164 = -3*z. List the prime factors of z.
41
Let i(d) = -d**3 - 5*d**2 + 4*d - 6. Let k(q) = q. Let r be k(-6). Let u be i(r). Suppose s + 2*s - u = -2*c, -c = 4*s - 8. List the prime factors of s.
2
What are the prime factors of (-1 + 2)/((-1)/(-5))?
5
Let s = -13 + 25. Suppose -2*x - 2 = -0*x. What are the prime factors of 0 + x + s + -3?
2
Let q(c) = -7*c + 2*c + c - 1 - 7*c. List the prime factors of q(-1).
2, 5
Let y be (-1 + (-2 - 0))*1. Let i(c) = -c**3 + c**2 + 2*c - 1. List the prime factors of i(y).
29
Suppose 0 = 3*h + 2*h - 25. Let t = h - -11. List the prime factors of t.
2
Let d(s) = -s + 1. Let c be d(-4). Suppose -f + 99 = 4*t, c*f - f + 79 = 3*t. List the prime factors of t.
5
Let i(k) = -k**3 + k**2 + k - 1. Let y be i(1). Suppose -2*v = -y*v - 54. What are the prime factors of v?
3
Let c = -27 + 49. What are the prime factors of c?
2, 11
Let p = 188 - -48. List the prime factors of p.
2, 59
Let r = 271 + -32. List the prime factors of r.
239
Let f(x) = -3*x - 5. Let c(o) = o**3 - 11*o**2 + 10*o + 3. Let w be c(10). Let z be (-1)/w - (-160)/(-24). List the prime factors of f(z).
2
Suppose 0 = 3*g + 3*k - 4*k - 697, -215 = -g - 4*k. List the prime factors of (-3)/(-4) - g/(-44).
2, 3
Suppose i - 21 = 2. What are the prime factors of i?
23
Suppose -3*v + 5*p - 14 = -6*v, 2*v - 11 = -5*p. Suppose 0 = -v*f + 5 + 1. Suppose 2*i = -f*i + 20. What are the prime factors of i?
5
Let u(b) = -b**3 + 10*b**2 + 11*b - 10. What are the prime factors of u(9)?
2, 5, 17
Suppose -8*d - 2*h + 530 = -3*d, -2*d = -3*h - 193. What are the prime factors of d?
2, 13
Let d(a) = -3*a**2 - 2*a - 1. Suppose -2*t - 1 = -t. Let h be d(t). Let p(r) = -2*r**3 - 2*r**2 - 3*r - 1. List the prime factors of p(h).
13
Let p(y) = 7*y**3 - y**2 + 1. Let c be p(1). Let k(m) be the second derivative of m**4/12 - 5*m**3/6 - 2*m**2 - 3*m. List the prime factors of k(c).
2, 5
Let c = -30 + 53. Let s = 42 - c. What are the prime factors of s?
19
Let l = 13 - -7. List the prime factors of l.
2, 5
Suppose -14*a = -15*a + 57. List the prime factors of a.
3, 19
Suppose -3 = -g + 2*z, 3*g - 6 = 4*z - 3. What are the prime factors of (1/3)/(g/(-99))?
11
Let z be (-15)/(-25) - 73/5. Let w = 26 + z. List the prime factors of w.
2, 3
Suppose 130 = 4*a - 38. List the prime factors of a.
2, 3, 7
Let y(u) = 2*u - 5. Let n be y(4). Let b be 8*3/6*n. Let z(k) = -k**2 + 12*k + 16. List the prime factors of z(b).
2
Let m(h) = -h + 10. Let w = -6 - -13. Let g be m(w). Let s(d) = 5*d + 2. List the prime factors of s(g).
17
Suppose 3*j - 7*j = -368. What are the prime factors of j?
2, 23
What are the prime factors of 27*3*57/27?
3, 19
Let o = 6 + -5. Let p(x) = 2*x + 1. List the prime factors of p(o).
3
Let h = -2 - -6. Let j(x) = x**2 - 2*x. List the prime factors of j(h).
2
Let i(l) = -l - 6. Let m be i(0). Let o(a) = 2*a**2 + 11*a - 12. Let y(u) = -3*u**2 - 17*u + 18. Let t(z) = 8*o(z) + 5*y(z). What are the prime factors of t(m)?
2, 3
Let w be (-696)/10 - 4/10. Let n = -43 - w. What are the prime factors of 6*-6*(-6)/n?
2
Let f = 13 - 8. Suppose -3*w + 3 = -3. Let d = f - w. What are the prime factors of d?
3
Suppose v - 23 = -0*v. List the prime factors of v.
23
Let z be 2 - (2 + (-3 - 1)). Suppose 0 = z*r - 61 - 67. What are the prime factors of r?
2
Let n(s) = -s**2 - s + 1. Let k(l) = -l**3 - 5*l**2 - 7*l + 7. Let b(f) = k(f) - 4*n(f). What are the prime factors of b(-3)?
2, 3, 5
Let q(h) = h**3 - 16*h**2 + 18*h - 13. What are the prime factors of q(15)?
2
Let t(d) = -34*d - 6. What are the prime factors of t(-4)?
2, 5, 13
Suppose -4*v + 362 = 2*t, 3*t - 4*v - 808 + 245 = 0. What are the prime factors of t?
5, 37
Let a(r) = r**2 + 12*r - 11. Let m be a(-13). Suppose 56 = m*v - v. List the prime factors of v.
2, 7
Suppose -2*q + 2*b + 14 = 0, -3*q - q - 4*b = 12. List the prime factors of q.
2
Let h = 104 - 90. What are the prime factors of h?
2, 7
Let g = 19 + -22. What are the prime factors of (1 - -28) + (g - -1)?
3
Let n = -9 + 11. What are the prime factors of n?
2
Let f = -15 + 21. Suppose -6 = -2*p + f. Let v = p - 1. What are the prime factors of v?
5
Let r(q) = -q**2 + 5*q + 4. Let y(t) = -t**2 + 4*t + 5. Let f(b) = 4*r(b) - 3*y(b). List the prime factors of f(6).
13
Suppose 5*v + 2*w - 536 = 0, 3*w + 136 + 173 = 3*v. List the prime factors of v.
2, 53
Let n(g) = g**3 - 7*g**2 + 3*g - 5. List the prime factors of n(7).
2
Let k(p) = p**2 - 11*p + 10. Let w be k(10). Let s = w + 13. What are the prime factors of s?
13
Let k(u) = u**3 + 8*u**2 - u - 3. Let l be k(-8). Let c be (-9)/(-3) - (-1 + 2). Let q = c + l. List the prime factors of q.
7
Let p(r) = 3*r**3 + 5*r**2 + 13*r - 11. Let h(a) = 5*a**3 + 11*a**2 + 25*a - 21. Let u(n) = -4*h(n) + 7*p(n). What are the prime factors of u(10)?
17
Let t(y) = 12*y + 11. Let n(g) = 2*g + 2. Suppose 3*f = 4*f - 34. Let b(r) = f*n(r) - 6*t(r). What are the prime factors of b(-3)?
2, 7
Let c(y) = -y**3 - 14*y**2 + 11*y - 33. List the prime factors of c(-15).
3
Let n(u) = -2*u - 16. List the prime factors of n(-15).
2, 7
Let w = -11 + 25. What are the prime factors of w?
2, 7
Let h(j) = -2*j**3. Let r be h(-1). Suppose 0*o + 2 = -r*o. List the prime factors of (35/15)/(o/(-3)).
7
Let d(n) = n**2 + 2*n - 8. Let j be d(-7). Suppose 4*c - c = j. List the prime factors of c.
3
What are the prime factors of (-2)/(112/(-52) + 2)?
13
Let v = 84 - 40. List the prime factors of v.
2, 11
Suppose -s - 27 = 5*a - 4, -12 = 4*s + 4*a. Suppose -5*y - 58 = -s*v, 5*y - 83 - 29 = -3*v. What are the prime factors of v?
2, 17
Let t be (-10)/55 - (-282)/(-22). Let h = 21 + t. List the prime factors of h.
2
Let i(g) = -1 + 5*g + 1 + 2 + g**2 - 2*g. Let s be i(-3). Suppose -5*y = 2*x - 74, -s*x + 86 = 5*y - 4*x. What are the prime factors of y?
2
Suppose -4*m - 9 = -7*m. Suppose m*q = -w + 23 + 60, 0 = 5*q + 5*w - 155. What are the prime factors of q?
2, 13
Let y = 62 + -20. What are the prime factors of y?
2, 3, 7
Let y be -3 + -3 + 4 + -2. Let f(w) = -4*w - 6. List the prime factors of f(y).
2, 5
Let u = -14 + 223. List the prime factors of u.
11, 19
Let o be (-118)/(-5) + 6/15. Suppose 2*s - 5*s = -o. Suppose -x - 4*b + 1 = 0, -4*x + 9 = 3*b - s. List the prime factors of x.
5
Let z = 49 + -29. Suppose 4*h + z = -12. Let t(w) = -w - 2. What are the prime factors of t(h)?
2, 3
Let a(d) = -4*d - 6. Let g be a(-8). Let r = g + -12. What are the prime factors of r?
2, 7
Let x(l) = -7*l**2 - 7*l - 6. Let o be x(-4). Let w = o + 128. What are the prime factors of w?
2, 19
Suppose h - 10 = -h. Suppose h*p - p - 52 = 0. List the prime factors of p.
13
Let d = -35 - -59. List the prime factors of d.
2, 3
Let h(y) = y**2 + 5*y + 5. Let s be h(-5). Suppose 0 = -i + 23 - s. List the prime factors of i.
2, 3
Let w(b) = -b**3 + 8*b**2 - 6*b + 5. Let i be w(7). Suppose -g + i = -3. What are the prime factors of g?
3, 5
List the prime factors of 30/10 + 80/2.
43
Let u = 235 + -41. List the prime factors of u.
2, 97
Suppose -103 - 105 = -4*h. Suppose -5*t = -h - 23. What are the prime factors of t?
3, 5
List the prime factors of (7 - 14)*(-2 - -1).
7
Suppose 4*n - 9 + 1 = 0, -s - 4*n + 9 = 0. What are the prime factors of 0 + s*2/1?
2
Let y = 17 - 9. Let u(q) = q - 9. Let a be u(y). Let v = 8 - a. List the prime factors of v.
3
Let k be (4/(-5))/(4/(-10)). Suppose -5*i - 15 = -5*f, 0 = -k*f + 2*i - 3*i + 6. What are the prime factors of 5/f - 1/(-3)?
2
Suppose 0 = -0*f + 2*f - 50. List the prime factors of f.
5
Suppose -3*g - 1 = -10. Suppose 0 = 3*d + i - 2, 6*d - 2*i = g*d + 14. List the prime factors of (1 + 1)/(d/19).
19
What are the prime factors of ((-20)/3)/(4/(-18))?
2, 3, 5
Let c = -10 + 10. Suppose c = -5*i - 5, -2*i + 67 = 5*o - 11. List the pri